rt -65617 (base 15) to base 14.
-854bb
What is -1a1aa (base 15) in base 13?
-2c770
What is 110101110010100000001 (base 2) in base 4?
12232110001
101000111100110000 (base 2) to base 14
451a8
What is 112121001111 (base 3) in base 8?
1061042
Convert 23664 (base 9) to base 8.
36755
What is -192337 (base 11) in base 8?
-1101715
12021201200 (base 3) to base 11
711a0
-61751667 (base 8) to base 10
-13095863
What is -443210213 (base 5) in base 12?
-790260
152120 (base 10) to base 3
21201200002
What is 11442421 (base 6) in base 8?
1305715
What is -254203 (base 7) in base 14?
-1323a
Convert 10210273 (base 9) to base 16.
4ae350
Convert -2713010 (base 8) to base 9.
-1376511
What is -1238 (base 15) in base 2?
-111100100110
Convert -117623 (base 8) to base 2.
-1001111110010011
Convert -100000011110000100100 (base 2) to base 9.
-2001441
15843702 (base 9) to base 2
11110010010110110111110
What is -445186 (base 10) in base 9?
-747611
-1568ca (base 14) to base 9
-1360187
What is -4275475 (base 9) in base 7?
-25332353
Convert 1333105411 (base 6) to base 16.
f5bf6f
What is 100001011101011111010 (base 2) in base 8?
4135372
2006286 (base 11) to base 14
686388
What is -65e44 (base 15) in base 11?
-20133a
-6401263 (base 8) to base 14
-325311
Convert -30666603 (base 7) to base 9.
-4774343
-15d8dd (base 16) to base 9
-2622018
-57068 (base 11) to base 8
-241244
What is -156021 (base 8) in base 5?
-3300322
Convert -101120010100 (base 3) to base 4.
-302233233
Convert -124443 (base 9) to base 12.
-377b6
-2001121102 (base 3) to base 4
-21321122
42665 (base 9) to base 10
28247
What is -1011101111110101010110 (base 2) in base 12?
-104615a
-1020330112 (base 5) to base 6
-113241505
Convert -1202211210121 (base 3) to base 7.
-11001355
Convert 2014351 (base 6) to base 5.
11024421
What is 11001011011001110111 (base 2) in base 10?
833143
What is -1331542210 (base 6) in base 13?
-342b415
What is -1301202312 (base 4) in base 12?
-1a5186
What is -485717 (base 9) in base 15?
-5bbc7
What is 113230310010 (base 4) in base 8?
27546404
Convert 201010002100221 (base 3) to base 13.
2148856
Convert 4360580 (base 9) to base 5.
1044432004
Convert -242013 (base 13) to base 16.
-d2438
11321013114 (base 5) to base 14
1a40a98
2437304 (base 12) to base 14
d144a8
What is -77e335 (base 16) in base 7?
-123532362
Convert -312345 (base 6) to base 4.
-12021221
What is -120154 (base 6) in base 8?
-24306
What is 1054554 (base 9) in base 8?
2124500
What is 323222 (base 10) in base 11?
200929
What is -493504 (base 11) in base 14?
-164675
-3134032301 (base 5) to base 6
-352211444
What is 124683 (base 11) in base 9?
328454
154791 (base 13) to base 7
4312146
-430312 (base 7) to base 8
-221533
What is 2256553 (base 7) in base 11?
1838a8
Convert -1601230 (base 7) to base 16.
-35749
What is 150089 (base 10) in base 11?
a2845
What is -10110130 (base 4) in base 3?
-220021021
189b636 (base 12) to base 9
10668876
Convert -9240189 (base 10) to base 7.
-141353220
Convert -464532 (base 8) to base 4.
-212211122
Convert 101002031221 (base 4) to base 11.
2580008
Convert -211020121011 (base 3) to base 15.
-89ae1
-390760 (base 11) to base 13
-1873cc
94645a (base 13) to base 12
11b3bb2
Convert 1134173 (base 8) to base 14.
80a5d
1000221111220 (base 3) to base 2
10000110010010011001
Convert 3565015 (base 8) to base 4.
3232220031
Convert -1531236 (base 7) to base 10.
-209355
Convert -7316376 (base 8) to base 9.
-3577161
342940 (base 10) to base 16
53b9c
-1ba794 (base 13) to base 7
-6011202
Convert 5404006 (base 7) to base 9.
1211024
Convert -21122122221 (base 3) to base 7.
-1165144
What is b5a229 (base 12) in base 9?
5336026
Convert -4020354 (base 6) to base 4.
-232032232
437341 (base 9) to base 5
31330022
2302231 (base 4) to base 9
16617
Convert 24021003 (base 5) to base 6.
4415040
Convert 145343345 (base 6) to base 7.
35011634
412553 (base 6) to base 7
165225
Convert -1103232313 (base 4) to base 11.
-214749
Convert 4432423443 (base 5) to base 10.
9654873
15232112 (base 6) to base 11
334606
Convert 50523222 (base 6) to base 9.
2636805
Convert 1100110001001100 (base 2) to base 7.
305323
What is 22078 (base 11) in base 16?
7d1d
477a86 (base 13) to base 10
1702278
Convert -32c98 (base 15) to base 14.
-42bb6
-6522045 (base 9) to base 7
-41510513
Convert 144444324 (base 5) to base 2.
10111110101110011110
Convert 216aba (base 13) to base 16.
bfefc
Convert 107c98c (base 13) to base 15.
69ca77
-a7a96 (base 12) to base 11
-141059
-572767 (base 8) to base 10
-194039
Convert 200220131 (base 4) to base 10.
133661
What is -541171 (base 9) in base 10?
-322363
4297a9 (base 11) to base 2
10100111100101011111
What is -1536340 (base 9) in base 13?
-23a483
What is -1570150 (base 8) in base 7?
-3602555
146716 (base 8) to base 14
152b4
Convert -69bd3 (base 14) to base 2.
-111110110111111101
6e1 (base 16) to base 6
12053
What is -280bd (base 16) in base 14?
-43ac5
40442663 (base 8) to base 7
132365511
What is -250001 (base 7) in base 2?
-1011001000110100
What is -92873 (base 11) in base 15?
-2a21e
-10615 (base 10) to base 13
-4aa7
What is 20476746 (base 8) in base 10?
4357606
Convert -1aa6 (base 14) to base 13.
-2291
Convert 4cb92e (base 15) to base 5.
1420343234
Convert 345272 (base 10) to base 7.
2635424
Convert 3352242 (base 7) to base 6.
12530443
What is -bacb7 (base 16) in base 6?
-24222103
-57525027 (base 8) to base 12
-422715b
What is 2102222202 (base 4) in base 6?
20513110
What is 2333303322 (base 4) in base 12?
31a7b6
-3103011 (base 5) to base 4
-30103031
What is 48141 (base 14) in base 8?
527375
What is 5245126 (base 11) in base 3?
122101201010121
122112102222 (base 3) to base 8
1242064
Convert -12332010330 (base 4) to base 5.
-431432012
-7b6b5 (base 13) to base 15
-46b21
Convert -14452046 (base 7) to base 5.
-322432332
3def8 (base 16) to base 12
102988
Convert 68443 (base 9) to base 7.
246555
What is -3220042441 (base 5) in base 2?
-11001111100000110000010
What is 2c4b0 (base 14) in base 5?
12020243
52704 (base 9) to base 14
c9a2
Convert 12132525 (base 6) to base 5.
44314131
863312 (base 9) to base 12
20969b
What is -111112010012 (base 3) in base 14?
-6d003
20350442 (base 6) to base 8
2200032
Convert 102220201020 (base 3) to base 2.
111001010000100000
What is 20266423 (base 7) in base 11?
a5a2a0
202022002212 (base 4) to base 3
121211220121110
Convert 148047 (base 10) to base 13.
52503
What is 500464 (base 7) in base 14?
229db
What is 2513236 (base 10) in base 8?
11454524
15451272 (base 8) to base 5
1402410442
Convert -93680 (base 11) to base 7.
-1106116
What is -22135020 (base 8) in base 15?
-642334
-1090504 (base 11) to base 3
-10120201201021
Convert -2320303 (base 4) to base 11.
-8982
-11202210 (base 4) to base 2
-101100010100100
Convert 47c098 (base 14) to base 16.
256f16
-110111101100001110100 (base 2) to base 13
-4bb819
305445315 (base 6) to base 4
110100102233
What is -1001101101111010010 (base 2) in base 4?
-1031233102
141413312 (base 6) to base 16
2beecc
Convert -403131324 (base 5) to base 14.
-30059b
What is 1842d (base 15) in base 2?
10011001011101000
What is -4776673 (base 8) in base 4?
-10333312323
Convert 1205051 (base 6) to base 16.
f757
Convert 1a5667 (base 11) to base 7.
2451056
Convert 10010101001111001110010 (base 2) to base 12.
1779baa
Convert 1033adc (base 14) to base 11.
4359496
4236b (base 12) to base 15
1ab45
What is 336164 (base 11) in base 4?
2002223111
Convert b87042 (base 16) to base 10.
12087362
What is 10203221 (base 5) in base 13?
2c7ac
What is 111001100000111111011 (base 2) in base 12?
76a7b7
What is -72431 (base 9) in base 6?
-1005001
17736 (base 9) to base 11
923a
Convert 2146659 (base 12) to base 4.
120011300211
Convert 37776116 (base 8) to base 13.
1978a1a
Convert -40403434 (base 5) to base 10.
-325494
What is b980a2 (base 14) in base 9?
12736803
-110120220200 (base 4) to base 9
-11044248
24b1498 (base 13) to base 8
53546727
-24553 (base 14) to base 11
-60843
-2112221100 (base 3) to base 4
-30101100
-6a51 (base 13) to base 8
-35132
-1152335 (base 7) to base 10
-147320
-2166846 (base 9) to base 3
-2012020221120
Convert -455a90 (base 14) to base 3.
-11102212012010
What is 1111010100100011111 (base 2) in base 3?
221111200100
Convert -1745242 (base 9) to base 4.
-3232000121
Convert -1102222210221 (base 3) t